lue of 3 - (-3 - -4) - -1?
3
2 - (-6 + (1 - -5))
2
Calculate (-9 - -12) + -8 + 3.
-2
0 + (-2 + 4 - 5)
-3
Evaluate 1 + (0 - (5 - 2)) + -1.
-3
Evaluate 2 + (9 - 6) - 0.
5
What is the value of (-10 - 2 - -29) + -11?
6
1 - 3 - (2 - 1)
-3
What is 13 + -14 + 2 + 2 + 0?
3
Calculate -11 + 12 + -1 + 1.
1
What is the value of -12 + 12 - (9 - 2)?
-7
Evaluate -2 - (-11 - (0 - 5)).
4
What is -5 + 7 - -4 - (10 - 6)?
2
What is (1 - 4 - (-2 + 0)) + -3?
-4
20 - 17 - (0 - -3)
0
Evaluate -4 - (0 + -1 + (2 - 0)).
-5
Calculate 0 - (6 + -6 + -1).
1
Evaluate 3 - (4 + -3 + 6).
-4
What is -2 + (6 + -2 - 7) - -4?
-1
Calculate 6 - (-8 - -13 - 3).
4
Calculate (3 + -9 - -2) + 9.
5
-4 - (3 + 1 + -9)
1
Calculate -2 - -3 - -3 - 2 - -2.
4
What is the value of -3 + -5 + 5 - (0 + -4)?
1
Evaluate -1 + 2 + 2 + -1.
2
Calculate 5 + -6 + -10 + 9.
-2
What is 1 + 6 - (3 + 2)?
2
Calculate 6 - (-1 + (0 - -1) + 0).
6
Evaluate 2 + (-7 + 11 - 7).
-1
What is 7 + -2 - (-6 + (-3 - -17))?
-3
Calculate (-4 - -2) + -1 - -2.
-1
What is -7 - (1 + -4 + 0)?
-4
-2 + 0 + -13 + 21
6
What is the value of (-6 - -2) + (46 - 47)?
-5
Evaluate (14 - 3) + -6 + (-2 - 1).
2
What is the value of -6 - (-5 + (-5 - -5))?
-1
Calculate 7 - (0 - -5) - 3 - 1.
-2
What is 0 + -2 - ((-3 - -8) + -6)?
-1
What is 8 + 4 + 4 + -9?
7
What is the value of -2 - ((-2 - -6) + -3)?
-3
What is -7 - (4 - 0 - (-17 + 21))?
-7
Calculate -7 + (1 - -5 - 4).
-5
Calculate -1 + (0 - 0) - -4.
3
Evaluate 3 - -9 - 6 - (0 - -1).
5
Evaluate 4 + -5 + 1 - 4.
-4
Calculate 5 + -9 + 4 - -3.
3
What is 7 - (3 + (8 - 1))?
-3
What is -5 - (-17 + -6 + (6 - -6))?
6
Calculate 4 - 2 - (-17 + 17).
2
Evaluate (5 + 9 - 0) + -9.
5
Evaluate -1 + 0 + 0 + 6.
5
What is -11 - (-7 - (-4 + 9))?
1
Calculate 4 + -6 + (3 - 7) - -7.
1
-1 - (-4 + -2 + 6 - -1)
-2
0 - (-11 - (-5 + -1))
5
Evaluate -9 + 4 - -1 - -4.
0
What is -6 + -2 + 3 + 0?
-5
Calculate 2 + (2 - -1) + 0.
5
Calculate (-1 + 1 - (-2 + 8)) + 0.
-6
Calculate -5 + 8 + -1 + 1 - 2.
1
-2 - (1 - (1 - 2 - -1))
-3
What is the value of (9 - 5) + (0 - 1)?
3
What is the value of -2 - (-17 + 21 + (1 - 9))?
2
Calculate 2 + 4 - (11 - 1).
-4
Calculate (0 - 7) + 0 - (3 - 6).
-4
2 + 5 - (-11 + 20)
-2
Evaluate 2 - 2 - ((6 - 5) + -3).
2
9 - (-15 + 2 + 11)
11
Calculate -5 + (-13 - -12) + 10.
4
Calculate -2 - (3 - (12 + -3)).
4
-105 + 92 + (-1 - -5)
-9
Calculate -3 + 1 + (-3 - -2) + 3.
0
Evaluate 1 + 4 + -11 + (1 - -4).
-1
-6 + 10 + 6 - 3
7
Calculate 5 - (3 - 1 - (-19 - -26)).
10
What is (7 + -12 - 0) + 9?
4
Evaluate -7 - (-11 + -10 - -12).
2
What is -3 - -2 - (-8 - -4)?
3
Evaluate (2 - 2) + -4 + (-10 - -12).
-2
(-12 - -1) + (36 - 26)
-1
What is the value of 1 + (-4 - (0 + -4)) - -4?
5
-25 - -8 - -9 - -11
3
Calculate -4 - -11 - -6 - 3.
10
2 - (15 - 9 - 9)
5
What is the value of 2 - -3 - -1 - (1 - 4)?
9
Calculate 2 + -3 + -1 + (-3 - 0).
-5
Evaluate -2 + (0 - (-1 + -1)).
0
(0 - 3) + (-2 - -2 - 5)
-8
Calculate 1 + -4 - (-3 - 1).
1
What is (0 + 2 - 3) + -4?
-5
Evaluate -1 + -2 + 5 + -1 + 4.
5
What is -2 - (-1 - (1 - -4)) - 0?
4
What is the value of 12 - 10 - (7 - 0)?
-5
(-6 - -3 - -4) + 2 - 3
0
What is 1 - 2 - 13 - -8?
-6
What is the value of (5 - 4) + -2 - (1 - 5)?
3
2 - -1 - (-28 - -24)
7
What is the value of -4 - (-6 - 0 - -4)?
-2
Evaluate (2 - 1) + -5 - 0.
-4
-1 + 3 + (8 - 5) + -2
3
Evaluate 1 + (6 + -5 - 0) + -1.
1
What is the value of -1 - 3 - (-2 - -1)?
-3
Evaluate (-14 - -17) + (0 - 7).
-4
2 - ((3 - 0) + -5 + 0)
4
Evaluate 1 - ((-6 - -8) + 3).
-4
What is -1 - (1 + 5) - (0 - 7)?
0
What is the value of (8 - -2) + -13 + 7?
4
Calculate 11 - (7 - 14 - -18).
0
What is (3 - (-3 + 9)) + (3 - 0)?
0
Evaluate -2 - (-2 + 0 + -2).
2
-4 + (3 - (-3 + 4) - -3)
1
(0 + (0 - 1) - 2) + 9
6
-12 + 16 + -2 + -2
0
5 + (4 - (1 + 5))
3
-3 + -4 + (4 - 2) + -3
-8
What is the value of (-4 + 0 + 8 - 6) + 5?
3
7 - ((-9 - -4) + 4)
8
Evaluate -2 + (2 - (3 + -8)) + -4.
1
Evaluate 2 - (1 + -2 + (7 - 4)).
0
What is -2 - ((11 - 4) + (9 - 12))?
-6
Evaluate -9 + (4 - 1) - -2.
-4
What is the value of (1 - -1) + (-15 - -16)?
3
What is the value of 4 - ((6 - 4) + 0) - 5?
-3
Calculate -3 + (-1 - 4) - -7 - 5.
-6
Calculate -1 - (1 + (-1 - -4) + -5).
0
What is the value of 1 + 2 - (3 + -8 + 9)?
-1
-2 - (-14 + 4 - -7)
1
Calculate (7 - 8) + (0 - -1) - 2.
-2
Evaluate 0 + (6 - 2) - 1.
3
What is the value of -9 - (-78 + 82 + 1 + -3)?
-11
4 + -12 + 8 + (3 - -2)
5
0 + -2 + 3 - -4
5
What is 75 - 81 - (0 - 4)?
-2
Evaluate 17 - 12 - (5 + 1).
-1
Evaluate -2 + (-3 - -9) - (6 - 3).
1
What is 1 - (-9 - (-5 + 1)) - -1?
7
Calculate (6 - 1) + -12 + -6 + 16.
3
What is the value of 12 + (-3 - -2) - (0 + 5)?
6
Evaluate (1 - (5 - 7)) + 4.
7
(5 - 8) + 11 - 12
-4
Evaluate -6 + -2 + 0 - -9.
1
Evaluate (-7 - -11 - (-2 - -7)) + 1.
0
-1 - -6 - (-3 + 2 - -3)
3
What is -1 + (-1 - -3) - -2?
3
(3 - (-3 - -4)) + (-32 - -34)
4
Calculate (3 - -3 - 9) + 6 - 4.
-1
Calculate -12 - -9 - (1 + -2) - 1.
-3
Evaluate 0 + 10 - (14 + -7).
3
What is the value of -2 - 0 - -1 - (11 - 9)?
-3
-4 + -6 + 7 + 11 - 6
2
-3 - -4 - -4 - (4 - 1)
2
Calculate 0 - (-88 + 87 + 9 + 0).
-8
Calculate 4 + 7 + -16 + 4 + 1.
0
1 - 1 - (60 - 60)
0
Evaluate (-4 - -3 - -4) + -3 + 1.
1
What is (1 - (5 + 1)) + (0 - -3)?
-2
Calculate -3 + (3 - (-4 - -2)).
2
What is the value of (-1 - 3) + 20 + -21?
-5
Calculate 1 - ((5 + -7 - -8) + -4).
-1
What is -8 + -8 - (-13 + 2)?
-5
Evaluate -1 - 3 - (1 + -3).
-2
Calculate 3 - (-10 - -9) - 11.
-7
Evaluate 3 - (-2 - 0 - -4 - 2).
3
What is -2 + (-1 - 0) - 2?
-5
Evaluate 23 + -18 - (5 - 1).
1
-5 + 1 + (-13 - (-27 - -15))
-5
5 + -11 - (3 + -14)
5
What is the value of -2 + (1 + 1 - (5 - 2))?
-3
Calculate -3 - (4 + -4 + 2 + -6).
1
What is (-9 - -14) + -3 + 1 + -6?
-3
Evaluate -11 + (-4 - (-2 - 7)) - -9.
3
Calculate 2 - 1 - 0 - (4 + -1).
-2
Calculate -2 + -2 - (-6 + 4).
-2
Evaluate -3 + 0 - (-1 + (0 - -4)).
-6
Calculate 0 + -4 + (-27 - -30).
-1
What is the value of -2 + (-3 - -4) + -1?
-2
Evaluate (4 - -1) + (27 - 27).
5
What is -2 + -3 - (-16 + 2)?
9
What is 4 + 0 - (2 - -1)?
1
What is 1 - (-5 - (-4 + 1 - -2))?
5
What is the value of (5 - -1) + (-11 - 1 - -3)?
-3
(-2 - -1) + -3 + 0
-4
2 + -8 + 1 - 3
-8
4 + 1 + -5 + 5
5
-8 + (-2 - 4) + 9
-5
-3 + -1 + 9 + -4
1
Evaluate 6 + (3 - 12) + 12.
9
Calculate 4 - -3 - (2 + 2).
3
What is the value of 6 - (-10 + 13 + 9)?
-6
14 + (-7 - -1) + -8 - -2
2
Evaluate (-6 - -12) + -3 + 2 + 1.
6
Evaluate -3 - (0 + 1) - -4.
0
What is 4 - 0 - (-2 + 2 + -3)?
7
What is the value of -1 - (-5 + 0) - 3 - 2?
-1
Calculate 2 + -3 + (1 - 0).
0
What is the value of -7 - (4 - -2 - 8)?
-5
Calculate 22 + -7 + (2 - 12).
5
Calculate -2 - ((15 - (13 + -5)) + -8).
-1
Calculate 8 + -4 + 2 + (-4 - 2).
0
What is the value of (6 - -3) + (5 - 15)?
-1
-7 + (0 + 4 - (36 - 48))
9
What is the value of -6 + -3 + 4 + (1 - 1)?
-5
What is the value of 5 + -11 - -21 - 2 - 4?
9
What is -1 - 1 - (1 + -7)?
4
Evaluate 1 + -2 + (-5 - -3 - 0).
-3
What is 4 + -12 + (-2 - -13)?
3
Evaluate -7 + 3 + 3 + 2 + -8.
-7
-2 + -4 + 9 + -5
-2
-8 + 2 + -2 + (6 - 2)
-4
What is the value of -1 + (-4 - (12 - 22))?
5
What is the value of (58 - 49) + (-16 - 2)?
-9
What is the value of 4 - (-3 - (-4 + -5) - -1)?
-3
What is the value of (-2 - (1 - -2)) + 8 + -7?
-4
What is 15 - 21 - ((0 - -2) + 1)?
-9
What is -2 + 8 + (-1 - 0)?
5
Evaluate -2 + 2 + -1 + (-7 - -10).
2
Evaluate 5 + (-3 - 2) + (11 - 6).
5
Calculate (2 - 2) + (25 - 25).
0
Calculate -11 - -8 - (1 + -7).
3
Calculate -3 + 3 + 1 + -5.
-4
Calculate -6 + 0 - ((-1 - -10) + -22).
7
Calculate -9 - 0 - (-91 + 81).
1
Calculate -10 - (2 - 5) - -3.
-4
(0 - (3 - -2)) + 0
-5
What is -2 - (3 + (-3 - -2))?
-4
What is the value of -2 - (-6 - -6) - (0 + -9)?
7
What is -2 + 11 - (0 - -5)?
4
-5 + 12 + -4 + 0 + 6
9
What is 4 - (0 - (5 + -8))?
1
Evaluate (0 + -4 - -2) + 0 - -5.
3
What is the value of 8 - (-3 - (-12 - -6))?
5
What is the value of 0 + (3 - (8 + -3 + -2))?
0
What is the value of 0 + (3 + -2 + -12 - -5)?
-6
(1 + 3 + 1 - 4) + 3
4
Calculate 1 - ((-4 - -4) + -3).
4
What is the value of (13 - 20) + 1 + (7 - -1)?
2
Calculate (0 - (-9 - -3) - 3) + -3.
0
Calculate 6 + (11 - 4) - 7.
6
Calculate (-29 - -1) + 13 + 14.
-1
What is 0 - (-8 + 2) - (6 + -3)?
3
What is 46 + -52 + (2 - -9)?
5
What is the value of 0 + -3 + (1 - -3) + 3?
4
What is 2 - (-7 + -1 - -10)?
0
What is -3 + 8 + -4 + -2?
-1
Evaluate 0 + 